850 is divided by 198138?
160
What is the remainder when 254386 is divided by 2354?
154
Calculate the remainder when 6231132 is divided by 43.
2
What is the remainder when 986270 is divided by 121?
120
What is the remainder when 211997 is divided by 14620?
7317
What is the remainder when 1102012 is divided by 950?
12
What is the remainder when 27375472 is divided by 9890?
9842
Calculate the remainder when 1875962 is divided by 1085.
1082
What is the remainder when 80084 is divided by 121?
103
Calculate the remainder when 901985 is divided by 901582.
403
What is the remainder when 2341840 is divided by 2698?
2674
Calculate the remainder when 141450 is divided by 22216.
8154
Calculate the remainder when 148743 is divided by 148701.
42
Calculate the remainder when 36624 is divided by 481.
68
Calculate the remainder when 3357222 is divided by 12434.
42
What is the remainder when 22562040 is divided by 256?
248
What is the remainder when 60935149 is divided by 2764?
5
What is the remainder when 33838 is divided by 11231?
145
What is the remainder when 4174 is divided by 2046?
82
What is the remainder when 73460 is divided by 569?
59
What is the remainder when 62577909 is divided by 44100?
9
What is the remainder when 75960 is divided by 10514?
2362
What is the remainder when 571327 is divided by 570156?
1171
Calculate the remainder when 15744878 is divided by 23.
21
Calculate the remainder when 9131774 is divided by 54033.
197
Calculate the remainder when 53004 is divided by 26476.
52
What is the remainder when 54840107 is divided by 641?
634
Calculate the remainder when 57430959 is divided by 245.
19
Calculate the remainder when 810624 is divided by 5377.
4074
What is the remainder when 16318396 is divided by 1400?
1396
What is the remainder when 42606 is divided by 7060?
246
What is the remainder when 436755 is divided by 25274?
7097
What is the remainder when 17821293 is divided by 83668?
9
Calculate the remainder when 56358 is divided by 1542.
846
Calculate the remainder when 21684573 is divided by 866.
799
Calculate the remainder when 1344671 is divided by 716.
23
Calculate the remainder when 5521872 is divided by 1875.
1872
What is the remainder when 25162239 is divided by 718921?
4
Calculate the remainder when 49051 is divided by 48950.
101
Calculate the remainder when 125362 is divided by 41768.
58
Calculate the remainder when 254412 is divided by 50737.
727
Calculate the remainder when 5724941 is divided by 2094.
2039
Calculate the remainder when 2115193 is divided by 4599.
4252
Calculate the remainder when 103191 is divided by 19620.
5091
Calculate the remainder when 1658973 is divided by 24.
21
Calculate the remainder when 516825 is divided by 129202.
17
What is the remainder when 1121889 is divided by 1401?
1089
Calculate the remainder when 283035 is divided by 6431.
71
What is the remainder when 803961 is divided by 267985?
6
Calculate the remainder when 524332 is divided by 186.
184
Calculate the remainder when 1154040 is divided by 1264.
8
Calculate the remainder when 1767592 is divided by 36814.
520
Calculate the remainder when 48147328 is divided by 133.
131
What is the remainder when 12063033 is divided by 19?
9
What is the remainder when 1599945 is divided by 12?
9
Calculate the remainder when 507878 is divided by 31723.
310
Calculate the remainder when 261705 is divided by 29054.
219
What is the remainder when 662716 is divided by 166?
44
What is the remainder when 13055 is divided by 1347?
932
Calculate the remainder when 146580825 is divided by 17088.
17049
What is the remainder when 272741 is divided by 1705?
1646
Calculate the remainder when 115687 is divided by 217.
26
What is the remainder when 46332 is divided by 45841?
491
Calculate the remainder when 3745 is divided by 86.
47
Calculate the remainder when 24493 is divided by 8057.
322
What is the remainder when 12360263 is divided by 297?
14
Calculate the remainder when 529349 is divided by 529315.
34
What is the remainder when 3510986 is divided by 60528?
362
Calculate the remainder when 2003749 is divided by 1452.
1441
What is the remainder when 5181 is divided by 727?
92
Calculate the remainder when 5337417 is divided by 190622.
1
Calculate the remainder when 21496 is divided by 20000.
1496
What is the remainder when 653772 is divided by 2?
0
What is the remainder when 3415818 is divided by 17?
8
What is the remainder when 39835223 is divided by 9958802?
15
Calculate the remainder when 773680 is divided by 50.
30
What is the remainder when 4051761 is divided by 12505?
141
What is the remainder when 31218155 is divided by 3121812?
35
What is the remainder when 7344881 is divided by 634?
625
Calculate the remainder when 10529 is divided by 1662.
557
Calculate the remainder when 284794 is divided by 580.
14
What is the remainder when 1730524 is divided by 157303?
191
What is the remainder when 1065038 is divided by 2871?
2768
What is the remainder when 1635380 is divided by 361?
50
What is the remainder when 96198563 is divided by 1529?
1528
Calculate the remainder when 308953 is divided by 102948.
109
What is the remainder when 1988382 is divided by 9034?
902
Calculate the remainder when 3941106 is divided by 2970.
2886
What is the remainder when 2010553 is divided by 440?
193
What is the remainder when 96237 is divided by 48?
45
Calculate the remainder when 2673885 is divided by 1219.
618
What is the remainder when 33505 is divided by 789?
367
Calculate the remainder when 538221 is divided by 67262.
125
Calculate the remainder when 5414320 is divided by 110496.
16
Calculate the remainder when 39761 is divided by 9720.
881
Calculate the remainder when 5996265 is divided by 555.
45
Calculate the remainder when 722833 is divided by 144565.
8
What is the remainder when 803521 is divided by 25?
21
What is the remainder when 2508023 is divided by 3300?
23
What is the remainder when 247840 is divided by 181?
51
What is the remainder when 892287478 is divided by 20?
18
Calculate the remainder when 61474 is divided by 61295.
179
Calculate the remainder when 373508 is divided by 49.
30
What is the remainder when 158552 is divided by 39308?
1320
What is the remainder when 4517990 is divided by 15?
5
What is the remainder when 20286 is divided by 199?
187
Calculate the remainder when 1980338 is divided by 702.
698
Calculate the remainder when 291467 is divided by 145018.
1431
What is the remainder when 233443 is divided by 16645?
413
Calculate the remainder when 1135286 is divided by 679.
677
What is the remainder when 45740 is divided by 4376?
1980
Calculate the remainder when 1391670 is divided by 53525.
20
Calculate the remainder when 3747949 is divided by 498.
1
What is the remainder when 2680887 is divided by 62?
7
Calculate the remainder when 18791 is divided by 6181.
248
What is the remainder when 15472378 is divided by 105?
103
Calculate the remainder when 51066023 is divided by 1037.
1032
Calculate the remainder when 372786 is divided by 62115.
96
What is the remainder when 20149 is divided by 7274?
5601
Calculate the remainder when 58094 is divided by 375.
344
What is the remainder when 4757686 is divided by 20867?
10
Calculate the remainder when 3389711 is divided by 21054.
17
Calculate the remainder when 4352971 is divided by 35680.
11
Calculate the remainder when 318887 is divided by 22770.
107
Calculate the remainder when 5628997 is divided by 5628995.
2
What is the remainder when 13162 is divided by 2388?
1222
What is the remainder when 21791096 is divided by 430?
416
Calculate the remainder when 993809 is divided by 331028.
725
What is the remainder when 216952 is divided by 72207?
331
Calculate the remainder when 142617 is divided by 1975.
417
What is the remainder when 1404802 is divided by 54?
46
What is the remainder when 36485 is divided by 5759?
1931
Calculate the remainder when 2007426 is divided by 401485.
1
What is the remainder when 43056626 is divided by 18704?
18
What is the remainder when 1021694 is divided by 25541?
54
What is the remainder when 197424 is divided by 32857?
282
Calculate the remainder when 5955702 is divided by 661731.
123
What is the remainder when 7058 is divided by 1999?
1061
Calculate the remainder when 79751 is divided by 730